{"id":207,"date":"2020-01-11T06:16:37","date_gmt":"2020-01-11T05:16:37","guid":{"rendered":"http:\/\/192.168.178.31\/wp\/?page_id=207"},"modified":"2020-01-11T06:21:56","modified_gmt":"2020-01-11T05:21:56","slug":"urlaub-in-seelendorf-p-20-08-22-08-2017-p","status":"publish","type":"page","link":"https:\/\/wp.morph1975.selfhost.eu\/index.php\/urlaub-in-seelendorf-p-20-08-22-08-2017-p\/","title":{"rendered":"Urlaub in Seelendorf ( 20.08. &#8211; 22.08.2017)"},"content":{"rendered":"\n<p>Am 20.08.2017 war es endlich soweit, unser f\u00fcr dieses Jahr geplante Urlaub in Sehlendorf, gelegen zwischen Hohwacht und Weissenh\u00e4user Strand, mit unseren Freunden Kathrin und Thorsten konnte beginnen.<\/p>\n\n\n\n<p>Es war unsere Bew\u00e4hrungsprobe, ob wir als Camper geeignet sind. Wir trotzten dem Gewitter, welches uns gleich am ersten Tag, w\u00e4hrend unserer 10 km langen Tour am Strand entlang, \u00fcberraschte. Es tat der Laune jedoch keinen Abbruch. &nbsp;Den Abend lie\u00dfen wir bei einem guten Essen im nahe gelegenen Ort Hohwacht und anschlie\u00dfenden Geschichten aus dem Leben und einer guten Flasche Wein im Zelt, durch einen Hei\u00dfl\u00fcfter gew\u00e4rmt, ausklingen.<\/p>\n\n\n\n<p>Am zweiten Tag konnten Thorsten und ich im nahe gelegenen Naturschutzgebiet rund um den Sehlendorfer See einige sch\u00f6ne Natur- und Tieraufnahmen machen. Nach einem leckeren Abendessen wurde der Abend durch das dargebotene &#8222;Kinoprogramm&#8220; auf dem Campingplatz zu einer sehr humorvollen Schlacht der Spr\u00fcche&#8230;.<\/p>\n\n\n\n<p>Am letzten Tag genossen wir das sch\u00f6ne Wetter am Sehlendorfer Strand. Leider ging es am Nachmittag schon wieder zur\u00fcck nach Hause.<\/p>\n","protected":false},"excerpt":{"rendered":"<p>Am 20.08.2017 war es endlich soweit, unser f\u00fcr dieses Jahr geplante Urlaub in Sehlendorf, gelegen zwischen Hohwacht und Weissenh\u00e4user Strand,<\/p>\n<p><a href=\"https:\/\/wp.morph1975.selfhost.eu\/index.php\/urlaub-in-seelendorf-p-20-08-22-08-2017-p\/\" class=\"more-link\">erfahre mehr&#8230;<span class=\"screen-reader-text\">Urlaub in Seelendorf ( 20.08. &#8211; 22.08.2017)<\/span><\/a><\/p>\n","protected":false},"author":1,"featured_media":0,"parent":0,"menu_order":0,"comment_status":"closed","ping_status":"closed","template":"","meta":{"ngg_post_thumbnail":0,"footnotes":""},"class_list":["post-207","page","type-page","status-publish","hentry"],"_links":{"self":[{"href":"https:\/\/wp.morph1975.selfhost.eu\/index.php\/wp-json\/wp\/v2\/pages\/207","targetHints":{"allow":["GET"]}}],"collection":[{"href":"https:\/\/wp.morph1975.selfhost.eu\/index.php\/wp-json\/wp\/v2\/pages"}],"about":[{"href":"https:\/\/wp.morph1975.selfhost.eu\/index.php\/wp-json\/wp\/v2\/types\/page"}],"author":[{"embeddable":true,"href":"https:\/\/wp.morph1975.selfhost.eu\/index.php\/wp-json\/wp\/v2\/users\/1"}],"replies":[{"embeddable":true,"href":"https:\/\/wp.morph1975.selfhost.eu\/index.php\/wp-json\/wp\/v2\/comments?post=207"}],"version-history":[{"count":3,"href":"https:\/\/wp.morph1975.selfhost.eu\/index.php\/wp-json\/wp\/v2\/pages\/207\/revisions"}],"predecessor-version":[{"id":212,"href":"https:\/\/wp.morph1975.selfhost.eu\/index.php\/wp-json\/wp\/v2\/pages\/207\/revisions\/212"}],"wp:attachment":[{"href":"https:\/\/wp.morph1975.selfhost.eu\/index.php\/wp-json\/wp\/v2\/media?parent=207"}],"curies":[{"name":"wp","href":"https:\/\/api.w.org\/{rel}","templated":true}]}}